et m = v + -25. What is the units digit of m?
0
Suppose 4*o - 6 = 2*c, 5*c = -2*o + 1 - 4. Let t be 48/18*6/4. What is the units digit of ((-115)/(-3) - c)/(t/18)?
7
Let h(y) = -100*y**2 + 5*y - 2. Let v be h(-1). Let k = v + 373. What is the hundreds digit of k?
2
Suppose 0 = 2*h + b - 449, 5*h = -10*b + 5*b + 1135. What is the units digit of (-2 + h/12)/(2/4)?
3
Let y = 66 + -16. Suppose -w + 9 = 3*a - 0, 5*w + 3*a - 9 = 0. Suppose w = s + 2*p - 14, p + 13 = 3*s - y. What is the tens digit of s?
2
Let k = -31 - -25. Let a be 34/(3 + 14/k). Suppose 0 = -s + 21 + a. What is the tens digit of s?
7
Suppose 2*g = -5*s + 77942, 1087*s = 1082*s - 40. What is the units digit of g?
1
Let f be (1866 - -15) + (2 - 2). Let n = 2985 - f. Suppose -6*c - n = -12*c. What is the units digit of c?
4
Let o be (102 + 8)/(2*1). Let t = o - 22. What is the units digit of t?
3
Let x = 19 + -7. Suppose -x*f + 8*f + 200 = 0. Suppose 0 = 2*p - w - f, -p - 4*w + 16 = -0*w. What is the tens digit of p?
2
Let o(i) = 13*i - 3. Suppose -2*u + 23 = 3. What is the units digit of o(u)?
7
Suppose v + 94 = 6*v - h, 4*v - 4*h = 72. Let i(w) = -v - 5 + 43 - 15*w. What is the tens digit of i(-4)?
7
Suppose -73*l + 30422 = 214*l. What is the tens digit of l?
0
Let c(p) = -7 - 9 + 7 + p - 7*p. Let a be c(-2). Suppose 2*t = -t + 4*g + 40, a*g = 6. What is the tens digit of t?
1
Let q(w) = w**3 + 4*w**2 - 3*w - 15. Let k be q(6). Let t = -10 + k. What is the tens digit of t?
1
Let d(w) = 1565*w**2 - 206*w - 1059. What is the units digit of d(-5)?
6
Let r(v) = -4*v**2 + 20 + 37 - 2*v**2 - 27*v + 5*v**2. What is the hundreds digit of r(-22)?
1
Let n = -14 - -13. What is the tens digit of n - -5 - 2 - 155*-1?
5
Suppose -b + 9404 = -4*o, 8*b - 11*b - 4*o + 28116 = 0. What is the tens digit of b?
8
Let j be 3*(2 - -2)*10/24. Let o be (j - 4)*2 + 2. Suppose 3*l - o*l + 37 = 0. What is the units digit of l?
7
What is the tens digit of 88473 + (45/(-9) - 11)?
5
Let a(s) = 5*s**2 + 10*s + 51. Let z be -2*((-11)/(-2) + -1). What is the hundreds digit of a(z)?
3
Suppose -2*j + 3063 = 2*x - 6167, 3*x - 13825 = 2*j. Suppose 69*o - 66*o = x. What is the units digit of o?
7
Suppose -2*v + 2*i = -76084, -57*i - 190205 = -5*v - 47*i. What is the thousands digit of v?
8
Let u = 4178 + -2651. What is the units digit of u?
7
Suppose 0 = 102*i + 133*i - 27*i - 163488. What is the tens digit of i?
8
Let c(i) = i**3 + 27*i**2 + 17*i + 23. Let h = 365 + -390. What is the hundreds digit of c(h)?
8
Let l(a) = a**2 - 7*a - 14. Let v be l(-4). What is the hundreds digit of 170/v - (-2)/(-3) - -702?
7
Let b(m) = -m**3 + 28*m**2 + 39*m - 189. What is the tens digit of b(29)?
0
Let q(h) = -h**3 + 56*h**2 - 131*h - 338. What is the ten thousands digit of q(48)?
1
Let w = 95 - 140. What is the tens digit of w/(-360) + (0 - (-3102)/16)?
9
Suppose -24 = -14*k + 8*k. Suppose 2*o + 4*v - 928 = 0, -v + 1185 + 636 = k*o. What is the hundreds digit of o?
4
Suppose -542*q - 604338 = -565*q + 277942. What is the units digit of q?
0
Suppose 16538 = 2*r + 15*x - 17*x, 5*r - 4*x - 41343 = 0. What is the hundreds digit of r?
2
Suppose -263176 = 40*s - 1729776. What is the ten thousands digit of s?
3
Let x be (656/48)/((-1)/(-3)). Suppose -x - 173 = -2*j. What is the tens digit of j?
0
What is the tens digit of 28657 + (-18)/(15/(-20)*2)?
6
Suppose 148704 = 2*j - 3*p, -1858670 = -7*j - 18*j + 5*p. What is the units digit of j?
6
Suppose -w - 4 = -4*g, -14*g = -10*g - 4*w - 4. Let l(i) = 327*i**2 - i. What is the units digit of l(g)?
6
Suppose 0 = 2*h + 4*a + 120, -2*h + 3*a - 58 = 41. Let t = h - -53. What is the tens digit of (-2318)/(-26) + t + (-12)/78?
8
Suppose 3*w - 54 = -3*w. Let t(v) = 62*v - 13. Let k be t(w). Let i = -329 + k. What is the units digit of i?
6
Let n be (-19 - -1)/((18/19)/(-9)). Let h = n + 152. What is the hundreds digit of h?
3
Let w = -5 + -23. Let b be 6/(-21) - 1240/w. Suppose -2*v = b - 150. What is the units digit of v?
3
Suppose -8515402 = -369*l + 131*l. What is the units digit of l?
9
What is the tens digit of (-54849)/(-3) - (1/3)/(2/12)?
8
Let u(g) = 44*g**3 - 5*g**2 + 37*g - 315. What is the hundreds digit of u(6)?
2
Suppose 48*q - 70*q + 445454 = 120*q. What is the units digit of q?
7
Suppose 3*d - 20 = 4*g - 104, 0 = -5*d + 4*g - 140. What is the units digit of d/98 + 14500/35?
4
Let m(q) = 53*q**2 + 10*q - 1. Let f be m(-1). Suppose 0*i - i = -n - 21, -2*i = 3*n - f. What is the units digit of i?
1
Let l be (0 + 1)*62 - 1. Let k = -1699 - -1845. Let i = l + k. What is the hundreds digit of i?
2
Suppose 6*j = 18*j - 2100. What is the tens digit of 474 + 6/27 + j/63?
7
Suppose 99 = -4*l + 467. Suppose l - 38 = 3*i. What is the units digit of 58/i - 0 - (-2)/(-9)?
3
Let h = 29006 - 15629. What is the thousands digit of h?
3
Suppose -2*a - 2*o = -6988, 0 = 4*a + 2*o - 5*o - 13948. What is the tens digit of a?
9
Let v = 25 - 27. Let y = v - -4. Suppose -4*o + 222 = y*a - 2, 0 = a. What is the units digit of o?
6
Let m(c) = -109*c - 11. Let i be m(-1). Suppose i*z + 712 = 100*z. What is the hundreds digit of z?
3
Let a be 68/119 - 192/(-7). Let y(l) = 2*l**3 - 54*l**2 - 37*l - 26. What is the hundreds digit of y(a)?
5
Let t = -3 - -3. Suppose 6*i - i = -4*p - 175, 5*p + i + 224 = t. What is the units digit of (p - (5 + -3))/(-7 + 6)?
7
Suppose 5*h = 3*k + 526, -h - 748 = 4*k + 4*h. What is the units digit of k/(-4) + 1 + (-50)/20?
4
Suppose 0 = 2*c - c + 11. Let g = c + 14. Suppose 3*p - g*f = p + 109, 5*f = 2*p - 115. What is the tens digit of p?
5
Let g(n) = n**3 + 7*n**2 - 4*n + 8. Let s be (461/5 - 2) + 2/(-10). Let r be ((-1)/(-1))/(3*(-5)/s). What is the tens digit of g(r)?
6
Suppose -108*u - 32 = -116*u. Let n be (-2)/(0 + 2) + 96. Suppose n - 363 = -u*t. What is the units digit of t?
7
Let p be ((-4)/(-8) - -2)*220/25. Suppose -3*t + p*t - 76 = 0. What is the units digit of t?
4
Let y = -449 - -449. Suppose -5*i + 2617 + 938 = y. What is the hundreds digit of i?
7
Let t(o) = o**3 - 5*o**2 - 18*o + 30. Let a be t(7). What is the units digit of 86*10 + a + -12 + 5?
5
Let l = 160636 + -110215. What is the units digit of l?
1
Let d(z) = 14*z**2 - 47*z + 292. What is the hundreds digit of d(55)?
0
Let h = -147 + 150. Let d(i) = 8*i**3 + 6*i**2 + 5*i - 2. What is the hundreds digit of d(h)?
2
Suppose -3*p = 3*h - 264924, 59*h = 54*h - p + 441552. What is the ten thousands digit of h?
8
Let s(w) = -w**3 - w**2 - w. Let l(f) = -2*f**3 - 18*f**2 + 12*f - 34. Let j(n) = l(n) - 3*s(n). Let c be j(14). What is the tens digit of (-2*37)/(4*5/c)?
7
Let f = 22138 - 7164. What is the units digit of f?
4
Suppose 408 + 2338 = t. What is the units digit of t?
6
Suppose -2*g + 208 = -0*g. Let n = 34 - g. Let t = n + 117. What is the tens digit of t?
4
Let w(c) = 162*c**3 + 5*c**2 - 83*c + 326. What is the hundreds digit of w(4)?
4
Suppose 5*t = 3*w + 92920, -w + 12957 + 5635 = t. What is the units digit of t?
7
What is the tens digit of ((-42)/(9 + -2) - 2) + 1181?
7
Let g be 9 + -6 + 1 + -1. Suppose -g*q + 391 = l - 655, -4*q - 2*l = -1392. What is the tens digit of q?
5
Let m = -5278 + 6945. What is the thousands digit of m?
1
What is the tens digit of (15/(-10))/((-689598)/(-57468) - 12)?
8
Suppose -25*s - 13067099 = -311*s + 3968491. What is the ten thousands digit of s?
5
Let j = 41378 - 9767. What is the hundreds digit of j?
6
Let l(d) = 6365*d + 6550. What is the hundreds digit of l(8)?
4
Suppose 8677 = 7*j - 2934 - 2550. What is the thousands digit of j?
2
Let i = -65089 + 109209. What is the hundreds digit of i?
1
What is the tens digit of (-4770)/(-20)*(-11)/((-44)/24)?
3
Let i = -230 + 147. What is the thousands digit of (37 + i)*98/(-4)?
1
What is the tens digit of 13/(6 - 8302/1386)?
8
Let p(l) = -l**2 - 22*l - 41. Let j be p(-19). What is the hundreds digit of ((-45)/(-12))/(j/1280)?
3
Let w = 89 - 129. Let g = -31 - -6. Let f = g - w. What is the tens digit of f?
1
Suppose 4*z = -4*j + 38096, 5*z - 6*j = -10*j + 47614. What is the tens digit of z?
1
Let k be (-2 + 4)/(-3 - -4). Suppose -5*n + 15 = k*q, 2*n + 3 = 3*n - q. Suppose 5*a = -z + 569, -3*a = n*z - z - 347. What is the tens digit of a?
1
Let j(l) = 149*l. Let g(k) = -225*k - 1. Let u(q) = -5*g(q) - 7*j(q). What is the hundreds d